be the first derivative of 16/3*s**3 + 11 + s + 0*s**2. Let l be f(-1). Calculate the highest common factor of l and 51.
17
Suppose 720 = -51*m + 71*m. Let t = -230 + 100. Let b = t + 184. Calculate the highest common divisor of b and m.
18
Let l = -337 + 637. Suppose 0 = -3*x - f + 291, 15*x - 4*f = 18*x - l. Calculate the highest common divisor of x and 168.
24
Let i(q) = -6 + 1347*q**2 - 1347*q**2 - q**3. Let s be i(-2). What is the highest common factor of 22 and s?
2
Let b be 4/(-30)*-6 - 3*44/(-10). Calculate the greatest common divisor of b and 47208.
14
Let o = 86 + -44. Suppose 2*j = 9*j - 161. Let v = 5 + j. What is the highest common factor of v and o?
14
Let s be ((-16)/4)/4*-1. Suppose -x = n - 3 - 4, 0 = x - n - s. Suppose 293 + 1467 = x*a. Calculate the greatest common factor of 40 and a.
40
Suppose 2*x = -3*a + 810, 99*a + 1557 = 105*a - 3*x. Calculate the greatest common divisor of a and 912.
24
Let g(q) = -288*q**3 + 12*q**2 - 12*q - 12. Let m be g(-1). What is the greatest common factor of m and 1815?
15
Suppose -23*j + 107*j = -44*j + 459264. Calculate the greatest common factor of j and 483.
69
Suppose -3*q + 3316 = m - 1519, -5*m + 1635 = q. Calculate the highest common factor of 140 and q.
70
Let v(w) = -153*w + 4. Let b be v(-2). Suppose -7*j + b = -2*j. Suppose -x - x + j = 0. Calculate the greatest common divisor of 248 and x.
31
Suppose x + 571*q - 573*q + 18 = 0, -5*x - 13 = -3*q. Let w = 15 - -13. Calculate the highest common factor of x and w.
4
Let t = 4362 - 3330. What is the greatest common factor of 32 and t?
8
Let h(r) be the first derivative of 10*r**3/3 - 7*r**2/2 + 4*r - 606. Let v = 6 + -2. Let x be h(v). Calculate the greatest common divisor of 17 and x.
17
Let g(c) = -17*c**3 + 28*c**2 + 62*c + 6. Let u be g(-2). Calculate the highest common factor of u and 410.
10
Let s be 9 + (-400)/64 + (-28574)/(-56). Suppose -x + 4*x = -3*a + 159, -4*a = 5*x - 266. What is the highest common divisor of x and s?
27
Suppose 0 = 5*d + 4*l - 334, -5*d - 5*l = 164 - 494. Calculate the greatest common factor of 1435 and d.
35
Let h(c) = c**3 - 34*c**2 + 83*c - 504. Let b be h(33). Calculate the highest common divisor of b and 78.
6
Let g = 192 - 354. Let b = 310 + g. What is the greatest common factor of b and 37?
37
Let f be 78/(-18) + 8/(-12). Let z be (-3 - f) + 20 + -8. Calculate the greatest common factor of 77 and z.
7
Let i be -81*(3 - 95/30)/((-4)/(-40)). What is the greatest common factor of 1260 and i?
45
Let f(s) = 4*s**3 - 52*s**2 - 3*s + 43. Let b be f(13). Calculate the highest common divisor of b and 552.
4
Suppose f - 12 = 34. Let i = -57 - -153. Let y = i - -19. What is the highest common divisor of y and f?
23
Let f be 14/49 + (-918)/(-21). Let i = -95 + f. Let u = 61 + i. Calculate the greatest common factor of u and 5.
5
Let j(x) = 287*x + 2018. Let t be j(-7). Calculate the greatest common divisor of 801 and t.
9
Let y be 4/14 + (-243)/(-7). Let m = 151 + -92. Suppose -m*f = -56*f + 4*z - 929, -4*f - z + 1256 = 0. Calculate the greatest common factor of y and f.
35
Let n = -21147 + 23519. What is the greatest common factor of 8 and n?
4
Let v = 2515 + -2380. Let b = 295 - 102. Let q = b - v. Calculate the highest common factor of 87 and q.
29
Suppose 2*l - 432 + 70 = 2*b, 5*l = 4*b + 901. What is the greatest common factor of l and 1416?
177
Let c = -473 - -467. Let k(w) = -2*w**3 - 14*w**2 - 9*w + 32. Let l be k(c). Calculate the highest common divisor of l and 301.
7
Suppose 5*r - 2557 = -4*u, 195 - 2745 = -4*u + 2*r. Let k = u + -491. Calculate the greatest common divisor of 196 and k.
49
Let b(c) = 2*c**2 + 38*c - 194. Let t be b(5). What is the greatest common divisor of 713 and t?
23
Let j(m) = m**3 + 10*m**2 + 28*m + 28. Let u be j(-5). What is the greatest common divisor of u and 136?
1
Let d(v) = -v**2 + 3*v + 22. Let n be d(-3). What is the greatest common divisor of 10 and n?
2
Let b(p) = -p + 14. Let s be b(7). Suppose 17*j - 150 = s*j. Suppose -d + l = -2*d + 45, -j = -d + 5*l. Calculate the greatest common divisor of d and 10.
10
Let n(s) = 18*s**2 - 18*s + 17. Let f be n(1). What is the highest common factor of 187 and f?
17
Suppose -65*z = -3*c - 63*z + 297, z = -3*c + 288. What is the greatest common factor of 1843 and c?
97
Suppose -j + 94 = -5*r + 766, -4*r + 1374 = -2*j. Let v = j + 760. Calculate the highest common divisor of 483 and v.
21
Let g be ((-20)/6)/((-1)/114). Suppose 15*j - 285 + 85 = 5*j. What is the highest common divisor of g and j?
20
Let j = -427 - -445. Let m(a) be the first derivative of 7*a**4 - 2*a**3/3 + a**2 - a + 2. Let f be m(1). Calculate the highest common factor of f and j.
9
Suppose -17*m + 44 + 7 = 0. Let u be m*7/63*45. Let a(v) = v - 5. Let j be a(8). What is the greatest common divisor of u and j?
3
Let o be (-21)/(-3) - (6 + -4). Suppose -9*x + 7*x = -w - 114, -2*w - 8 = 0. Calculate the highest common divisor of x and o.
5
Let t(l) = l**2 - 2*l. Let a be t(-5). Let o = 39028 - 38853. What is the highest common factor of o and a?
35
Let r = 1196 + -737. Let f = -409 + r. Calculate the highest common factor of 225 and f.
25
Suppose 5*c - 4*r - 13278 - 17031 = 0, -3*r - 18183 = -3*c. What is the highest common factor of c and 5?
5
Let y = 658 - -360. Suppose -3*g = 2*m - y, -g + 23*m - 18*m = -311. What is the highest common divisor of 48 and g?
48
Let g(t) = 13*t + 214. Let w be g(-17). Let p(h) = -h**3 - 9*h**2 - 30*h + 5. Let o be p(w). What is the highest common factor of 91 and o?
13
Let s be 6*(-3)/12*-4. Suppose -3*g = -36 - s. Suppose 16 = -2*w + 5*k, -2*k = -k - 4. Calculate the greatest common factor of w and g.
2
Let b be (7 - 1)*88/12. Suppose 13*a = 12*a + b. Let r = -56 - -122. Calculate the highest common factor of r and a.
22
Suppose -4*k = -30*k + 260. Calculate the highest common divisor of k and 2210.
10
Suppose -y - 237 = 2*y - a, -2*a = -3*y - 240. Let z be 5/((-10)/4) - (y - -3). Suppose u + 1 = z. Calculate the greatest common factor of u and 24.
24
Let a = 20777 - 20156. What is the highest common divisor of 1836 and a?
27
Suppose -4*a + 16516 = 4*w, 5*w + 5*a - 8252 = 3*w. What is the highest common divisor of 17 and w?
17
Let c = 47 + -140. Let i be (-16)/104 - 1*c/13. Let k(j) = 8*j - 34. Let r be k(i). Calculate the highest common divisor of r and 33.
11
Suppose -2*o - 30 = -5*f, -14 = -5*f + 3*o + 21. Let s(a) = 2*a**3 + 6*a**2 + 5*a - 35. Let x be s(f). What is the greatest common factor of 55 and x?
11
Let s(u) = 12*u - 71. Let n be s(11). Calculate the highest common factor of 244 and n.
61
Let n(o) = o**3 + 3*o**2 - 5*o + 3. Let q be n(-4). Let t be (-191)/(-955) - (-68)/10. What is the highest common factor of t and q?
7
Let c = 104 - -78. Suppose f + 2*n - 9 = 0, -6*f + 4*f + 15 = 3*n. Suppose -47 = f*m - 125. What is the greatest common divisor of m and c?
26
Suppose 23*s = 18*s + 1540. Let k be ((15/(-6))/(-5))/(6/336). Calculate the greatest common divisor of s and k.
28
Suppose -376 = 16*d + 8. Let u(m) = -m**3 + m**2 + m + 50. Let g be u(0). Let k = d + g. What is the greatest common divisor of k and 65?
13
Suppose 0 = -3*h + z + 97, -2*h + 2*z - 436 = -506. Let w(c) = -c - 1. Let j be w(3). Let k be 279/j*(-2 - 2). What is the highest common factor of k and h?
31
Suppose -353*r = -220*r + 245*r - 199962. What is the highest common divisor of 23 and r?
23
Let s = 232 + -227. Suppose m - 5*k = 43 - 1, 4*k = -s*m + 297. Calculate the greatest common factor of m and 798.
57
Let t(n) = 36*n**2 + 82*n + 82. Let q be t(-1). Calculate the greatest common factor of q and 1044.
36
Suppose -273*q - 9259 = -41200. Calculate the highest common factor of 8580 and q.
39
Suppose 146*n - 147*n = -614. Let d = 657 - n. Calculate the highest common divisor of 172 and d.
43
Let j be 18187 + -3 + 3 + 11. Calculate the highest common divisor of 108 and j.
54
Suppose 5*c + 2*g = 7*c - 92, 43 = c + 2*g. What is the highest common factor of c and 5745?
15
Suppose 6*k - 170 = 5*k. Suppose -5*s + 134 = -9*z, s - 15 = 3*z + 7. What is the greatest common factor of s and k?
34
Suppose -19 = -11*r + 69. Let a be (10/(-3))/(r/(-36)). Let g be (-2)/(-2) - 2 - -21. Calculate the highest common factor of a and g.
5
Suppose -5*q + 775 = -